 of 1996 and 78002682?
998
What is the highest common factor of 32121165 and 111315?
2715
Calculate the highest common divisor of 178058180 and 460.
460
What is the greatest common divisor of 502445 and 908205?
1585
Calculate the highest common factor of 1701 and 1127079.
9
What is the greatest common factor of 10584639 and 34983?
1521
What is the greatest common factor of 1860 and 13533670?
310
Calculate the highest common factor of 930 and 5441585.
155
What is the highest common factor of 25680572 and 232380?
5164
What is the highest common factor of 21 and 96760329?
3
Calculate the greatest common divisor of 40 and 62077680.
40
What is the greatest common factor of 1252672 and 31228?
148
What is the highest common factor of 216733233 and 13245?
2649
What is the highest common factor of 355369860 and 900?
180
Calculate the greatest common divisor of 320 and 81545.
5
What is the greatest common divisor of 100185 and 25275?
15
What is the highest common factor of 354317824 and 64?
64
Calculate the highest common factor of 50 and 3303690.
10
What is the highest common factor of 1635 and 429735?
15
What is the highest common factor of 374088 and 36951?
327
Calculate the highest common factor of 392667 and 3260.
163
Calculate the highest common divisor of 3583769 and 10906.
287
What is the highest common divisor of 113916 and 17292?
132
Calculate the highest common divisor of 880 and 11287408.
176
What is the highest common factor of 2385639 and 87171?
1779
Calculate the highest common divisor of 86428 and 298316.
2788
Calculate the greatest common divisor of 7720 and 4269932.
772
What is the greatest common factor of 18 and 128115342?
18
Calculate the greatest common factor of 4 and 32210.
2
What is the greatest common factor of 1235291 and 11983?
521
What is the greatest common factor of 2207608 and 2561?
13
Calculate the highest common divisor of 2888188462 and 542.
542
What is the greatest common divisor of 118372696 and 12831?
611
What is the greatest common divisor of 16973430 and 1200?
30
What is the greatest common factor of 116480 and 66080?
1120
What is the greatest common factor of 172 and 173269618?
86
Calculate the highest common factor of 3256505 and 1121.
1121
Calculate the greatest common factor of 962 and 366957305.
481
Calculate the greatest common divisor of 339968 and 139938.
166
Calculate the greatest common factor of 1917 and 4695732.
27
What is the highest common divisor of 1281 and 117328071?
1281
What is the highest common divisor of 115557 and 1729?
13
Calculate the greatest common factor of 24650 and 20538380.
4930
What is the greatest common divisor of 136855214 and 3154?
3154
What is the highest common factor of 1391027836 and 7348?
7348
Calculate the highest common factor of 2256 and 2307324.
564
What is the highest common factor of 2782 and 128342006?
2782
Calculate the highest common factor of 2381360 and 35920.
80
What is the greatest common factor of 435 and 27892432?
29
What is the greatest common divisor of 27144 and 1638?
234
What is the highest common factor of 43471 and 73399?
29
What is the highest common divisor of 388224 and 149904?
144
Calculate the highest common divisor of 231493938 and 142.
142
Calculate the greatest common factor of 375732774 and 738.
738
Calculate the greatest common factor of 4972 and 11794266.
22
What is the greatest common divisor of 54935125 and 2125?
125
What is the greatest common factor of 32 and 54414048?
32
Calculate the highest common factor of 3042158 and 12390.
826
What is the greatest common divisor of 89075 and 13953800?
175
Calculate the greatest common factor of 212232 and 224664.
888
Calculate the highest common divisor of 9418513 and 403.
403
What is the highest common divisor of 1804672 and 598?
46
What is the highest common divisor of 92900 and 27700?
100
Calculate the highest common divisor of 197298 and 15714.
1746
Calculate the highest common factor of 39748943 and 13.
13
What is the greatest common divisor of 11077128 and 9?
9
What is the highest common factor of 8588 and 430369?
19
Calculate the greatest common factor of 450 and 528176430.
90
Calculate the greatest common divisor of 75823671 and 37576.
4697
Calculate the highest common divisor of 30358 and 63187.
353
Calculate the greatest common divisor of 118 and 57032527.
59
Calculate the highest common factor of 118584 and 1836466.
122
Calculate the highest common factor of 33534 and 5832.
1458
What is the highest common factor of 438 and 363462?
6
Calculate the greatest common factor of 280 and 1401365.
35
What is the greatest common factor of 1239 and 177492?
21
What is the greatest common divisor of 56175 and 1320?
15
What is the greatest common divisor of 160181 and 1868?
467
What is the highest common divisor of 6955040 and 2040?
680
What is the highest common factor of 3601 and 16198?
13
Calculate the greatest common factor of 22285044 and 2.
2
What is the greatest common factor of 1127792 and 1184?
16
Calculate the highest common divisor of 6365606 and 13390.
2678
Calculate the greatest common divisor of 1565315 and 570.
95
What is the highest common divisor of 43739 and 1130573?
229
What is the greatest common divisor of 59325011 and 929?
929
What is the greatest common divisor of 19560 and 2172?
12
What is the highest common divisor of 365379 and 1050798?
2667
What is the greatest common divisor of 3565006 and 10?
2
What is the highest common divisor of 47 and 190437796?
47
What is the highest common divisor of 338 and 9182277?
169
What is the highest common factor of 23 and 1719765959?
23
What is the highest common factor of 12 and 139419864?
12
What is the highest common divisor of 22 and 8702287?
11
Calculate the greatest common divisor of 231 and 8893544.
11
Calculate the highest common divisor of 39342 and 1652838.
474
What is the greatest common divisor of 4233 and 127818921?
249
What is the highest common divisor of 437038707 and 317?
317
What is the greatest common divisor of 53048620 and 3735?
415
Calculate the highest common factor of 323136300 and 250.
50
What is the highest common divisor of 393 and 21946692?
393
What is the highest common divisor of 62335 and 34989115?
4795
Calculate the greatest common divisor of 162884124 and 198.
18
Calculate the highest common divisor of 580590387 and 18.
9
What is the highest common divisor of 861 and 1869?
21
What is the highest common divisor of 100352303 and 4006?
2003
Calculate the greatest common factor of 8 and 572666.
2
Calculate the highest common divisor of 13621905 and 13959.
297
What is the highest common divisor of 164 and 443528?
4
Calculate the highest common divisor of 15912 and 4302428.
884
Calculate the greatest common factor of 855 and 489231.
171
Calculate the greatest common factor of 23274 and 520259238.
7758
What is the greatest common factor of 300 and 263612?
4
Calculate the highest common divisor of 4871907 and 2119.
163
What is the greatest common divisor of 287680 and 334676?
124
Calculate the greatest common divisor of 245160 and 26784.
216
Calculate the highest common divisor of 481 and 64058803.
37
Calculate the highest common factor of 19838 and 643157879.
9919
Calculate the highest common factor of 914209 and 51.
17
What is the highest common factor of 265684 and 953952?
2092
What is the highest common factor of 95565 and 3002957?
277
Calculate the greatest common divisor of 327 and 112230324.
327
Calculate the highest common divisor of 10637 and 142387849.
967
Calculate the highest common divisor of 28866050 and 820.
410
Calculate the greatest common divisor of 1083448520 and 22.
22
Calculate the greatest common factor of 12 and 5648276.
4
What is the greatest common factor of 11668072 and 16?
8
What is the greatest common factor of 164965502 and 26?
26
What is the highest common factor of 108232 and 376204?
652
Calculate the greatest common factor of 184372491 and 16292.
4073
What is the greatest common divisor of 33 and 1341923?
11
Calculate the greatest common divisor of 488 and 12392.
8
Calculate the highest common factor of 22 and 255955106.
22
What is the greatest common divisor of 39 and 385078447?
13
What is the highest common factor of 121 and 104200283?
11
What is the highest common factor of 2074